			{"id":54,"date":"2017-08-20T09:51:34","date_gmt":"2017-08-20T09:51:34","guid":{"rendered":"http:\/\/mtb-gmbh.nrw\/?page_id=54"},"modified":"2019-04-16T20:02:12","modified_gmt":"2019-04-16T20:02:12","slug":"impressum","status":"publish","type":"page","link":"https:\/\/mtb-gmbh.nrw\/?page_id=54","title":{"rendered":"Impressum"},"content":{"rendered":"<p class=\"page-title\"><span style=\"font-family: verdana,geneva,sans-serif; font-size: 12pt;\">Impressum<\/span><\/p>\n<p><span style=\"font-family: verdana,geneva,sans-serif; font-size: 12pt;\">\u00a9 Copyright 2017<\/span><br \/>\n<span style=\"font-family: verdana,geneva,sans-serif; font-size: 12pt;\"> Alle Rechte vorbehalten. Marken, Text, Bilder, Grafiken und Animationen sowie deren Anordnungen auf dieser Webseite unterliegendem Schutz des Urheberrechts und anderer Schutzgesetze. Jeglicher Inhalt dieser Webseite darf nicht zu kommerziellen Zwecken kopiert, ver\u00e4ndert oder Dritten zug\u00e4nglich gemacht werden. Jegliche Weiterverwendung bedarf unserer schriftlichen Zustimmung. Diese Seiten k\u00f6nnen au\u00dferdem Bilder und Inhalte enthalten, die dem Copyright Dritter unterliegen.<\/span><\/p>\n<p><span style=\"font-family: verdana,geneva,sans-serif; font-size: 12pt;\">Herausgeber<\/span><br \/>\n<span style=\"font-family: verdana,geneva,sans-serif; font-size: 12pt;\"> dieser Seiten und inhaltlich Verantwortlicher gem\u00e4\u00df \u00a7 10 Absatz 3 MDStV:<\/span><br \/>\n<span style=\"font-family: verdana,geneva,sans-serif; font-size: 12pt;\"> Frank Mittler, Fasanenweg 51, 46569 H\u00fcnxe- Drevenack<\/span><\/p>\n<p><span style=\"font-family: verdana,geneva,sans-serif; font-size: 12pt;\">Name und Anschrift:<\/span><\/p>\n<p><span style=\"font-family: verdana,geneva,sans-serif; font-size: 12pt;\">MTB GmbH<\/span><br \/>\n<span style=\"font-family: verdana,geneva,sans-serif; font-size: 12pt;\"> Fasanenweg 51<\/span><br \/>\n<span style=\"font-family: verdana,geneva,sans-serif; font-size: 12pt;\"> DE-46569 H\u00fcnxe- Drevenack<\/span><\/p>\n<p><span style=\"font-family: verdana,geneva,sans-serif; font-size: 12pt;\">E-Mail: info@mtb-gmbh.nrw<\/span><\/p>\n<p><span style=\"font-family: verdana,geneva,sans-serif; font-size: 12pt;\">Telefon: +49 172 300 5020<br \/>\n<\/span><br \/>\n<span style=\"font-family: verdana,geneva,sans-serif; font-size: 12pt;\"> Zust\u00e4ndiges Amtsgericht:<\/span><br \/>\n<span style=\"font-family: verdana,geneva,sans-serif; font-size: 12pt;\"> Amtsgericht Wesel<\/span><\/p>\n<p><span style=\"font-size: 12pt;\"><span style=\"font-family: verdana,geneva,sans-serif;\">Registergericht:<br \/>\nAmtsgericht <\/span><span style=\"font-family: verdana,geneva,sans-serif;\">Duisburg, HRB 29862<\/span><\/span><br \/>\n<span style=\"font-size: 12pt;\"> <span style=\"font-family: verdana,geneva,sans-serif;\">Vertreten durch den<\/span> <span style=\"font-family: verdana,geneva,sans-serif;\">Gesch\u00e4ftsf\u00fchrer Frank Mittler, Fasanenweg 51, 46569 H\u00fcnxe- Drevenack<br \/>\n<\/span><\/span><\/p>\n<p><span style=\"font-size: 12pt;\"><span style=\"font-family: verdana,geneva,sans-serif;\">Umsatzsteuer-Indentifikation: (<\/span><span style=\"font-family: verdana,geneva,sans-serif;\">gem\u00e4\u00df \u00a727a Umsatzsteuergesetz)<\/span><\/span><br \/>\n<span style=\"font-family: verdana,geneva,sans-serif; font-size: 12pt;\">DE315832667<\/span><\/p>\n<p><span style=\"font-family: verdana,geneva,sans-serif; font-size: 12pt;\">Haftungshinweis:<\/span><br \/>\n<span style=\"font-family: verdana,geneva,sans-serif; font-size: 12pt;\"> Trotz sorgf\u00e4ltiger inhaltlicher Kontrolle \u00fcbernehmen wir keine Haftung f\u00fcr die Inhalte externer Links.<\/span><\/p>\n<p class=\"page-title\"><span style=\"font-family: verdana,geneva,sans-serif; font-size: 12pt;\">F\u00fcr den Inhalt der verlinkten Seiten sind ausschlie\u00dflich deren Betreiber verantwortlich.<\/span><\/p>\n","protected":false},"excerpt":{"rendered":"<p>Impressum \u00a9 Copyright 2017 Alle Rechte vorbehalten. Marken, Text, Bilder, Grafiken und Animationen sowie deren Anordnungen auf dieser Webseite unterliegendem<\/p>\n","protected":false},"author":1,"featured_media":0,"parent":0,"menu_order":0,"comment_status":"closed","ping_status":"closed","template":"template-full-width.php","meta":[],"_links":{"self":[{"href":"https:\/\/mtb-gmbh.nrw\/index.php?rest_route=\/wp\/v2\/pages\/54"}],"collection":[{"href":"https:\/\/mtb-gmbh.nrw\/index.php?rest_route=\/wp\/v2\/pages"}],"about":[{"href":"https:\/\/mtb-gmbh.nrw\/index.php?rest_route=\/wp\/v2\/types\/page"}],"author":[{"embeddable":true,"href":"https:\/\/mtb-gmbh.nrw\/index.php?rest_route=\/wp\/v2\/users\/1"}],"replies":[{"embeddable":true,"href":"https:\/\/mtb-gmbh.nrw\/index.php?rest_route=%2Fwp%2Fv2%2Fcomments&post=54"}],"version-history":[{"count":7,"href":"https:\/\/mtb-gmbh.nrw\/index.php?rest_route=\/wp\/v2\/pages\/54\/revisions"}],"predecessor-version":[{"id":108,"href":"https:\/\/mtb-gmbh.nrw\/index.php?rest_route=\/wp\/v2\/pages\/54\/revisions\/108"}],"wp:attachment":[{"href":"https:\/\/mtb-gmbh.nrw\/index.php?rest_route=%2Fwp%2Fv2%2Fmedia&parent=54"}],"curies":[{"name":"wp","href":"https:\/\/api.w.org\/{rel}","templated":true}]}}